 Let o be c(-14). Let y = o - -61539. Is y a prime number?
True
Let g be (198/(-27))/(2/(-96)). Suppose t + 4*s + 13 = g, -4*s - 1671 = -5*t. Suppose 0*z = -z + t. Is z prime?
False
Let s = 275 + -266. Is (-1 - s/(-6))*1228/2 composite?
False
Let n(y) = -y**3 + 5*y**2 + 7. Let u be n(5). Let w be ((-4)/5)/(u/(-11060)). Suppose 3*o - 4*b - 1893 = 0, -w = 3*o - 5*o + 2*b. Is o a prime number?
False
Suppose 20*l + 33*l - 352987 = 10*l. Is l a prime number?
True
Let t = -347 - -71. Let f = -148 - t. Suppose f = 4*i - k, i - 6*i = -5*k - 175. Is i composite?
False
Let q(v) = -9*v**2 + 42*v + 17. Let p be q(6). Is 16083/2 - (-12)/(264/p) a prime number?
True
Let j(u) = -16 - 222*u + 436*u + 16*u**2 - 220*u. Let l be j(9). Suppose g = -3*r - 326 + 2165, 2*r = 3*g + l. Is r prime?
True
Let q = -426 - -429. Suppose 3826 = q*s - 1157. Is s a prime number?
False
Let f be 5*((-2)/(-3) + 20/(-75)). Let s be (55/(-22))/(3/(f + -32)). Suppose 0 = -4*g - z + 765, g = -4*z - s + 220. Is g a composite number?
False
Suppose -1107203 = -8*a - r, -5*r = -4*a - 14757 + 568386. Is a composite?
False
Let p(x) = -x + 25. Let v(d) = d**2 + 10*d. Suppose 0 = 2*f - f + 11. Let j be v(f). Is p(j) a prime number?
False
Let x(k) = -530*k**2 + 14*k - 17. Let f(v) = 3*v - 1. Let t(w) = 4*f(w) - x(w). Is t(2) composite?
False
Let f be 1*10/35*7. Is (-5 + (-22373)/(-26))/(f/4) composite?
True
Suppose -11*v - 195 = -26*v. Suppose 16*q - v*q - 1749 = 0. Suppose 0 = -5*c - 4*z + q, 0 = -2*c - 2*z + 197 + 35. Is c prime?
False
Suppose 0 = -6*i + 43624 - 10960. Suppose -4*b + x + 0*x = -i, -3*b = -5*x - 4083. Is b a prime number?
True
Let l = 36 + -33. Suppose -3*x = 2*d + 29, 7*x + l*d + 40 = 3*x. Let w(g) = -3*g**3 - 8*g**2 - 5*g + 9. Is w(x) composite?
True
Let d = -243 + 243. Suppose -2*q - 4*x + 3818 = d, x = -0*x. Is q prime?
False
Let p be (52/(-8) - -4)*-1228. Let a = 52 + -47. Suppose -5*y + p = a*y. Is y composite?
False
Let c = -2 + 2. Let u(w) = 11*w**3 - 17*w - 595. Let r(x) = 4*x**3 - 6*x - 198. Let g(n) = 8*r(n) - 3*u(n). Is g(c) a composite number?
True
Is 2/17 - 10341405/(-153) a prime number?
False
Let y = 28621 + 302734. Is y a composite number?
True
Suppose 4*d = -3*x + 150659, 4*d - 29*x - 150665 = -30*x. Is d a composite number?
True
Suppose 0 = 213*g - 184*g - 6216817. Is g a prime number?
True
Let p(h) = h**3 - 3*h**2 - 5*h + 2. Let u be p(4). Let k(r) = -253*r + 1. Let n be k(u). Let c = -358 + n. Is c composite?
False
Suppose 3 = 5*t - 8*t. Is 4/(-8)*-12599 - t/(-2) a prime number?
True
Let a(d) = 48*d**2 + 12*d + 23. Let s be a(-11). Suppose -5*j + t + s = 0, 5*t = t - 16. Is j a composite number?
True
Let s(f) = 590*f + 11. Let j be ((-1)/(4/(-3)))/((-18)/144). Let o(l) = 589*l + 12. Let g(p) = j*o(p) + 5*s(p). Is g(-2) a prime number?
True
Suppose 5*x + 12 = 152. Is 4/x + (-3)/(-7)*33259 composite?
True
Let j(n) = -9*n**3 - n**2 - n + 8. Let h(a) = a**2 + a - 1. Let i be (-140)/(-25) + -5 - 28/5. Let z(x) = i*h(x) - j(x). Is z(4) prime?
False
Let w = 227 - -516. Let z = w - -547. Let q = z + 149. Is q a prime number?
True
Let z(u) be the second derivative of u**3/6 - u**2/2 - 3*u. Let o be z(5). Suppose 4*l + 80 = o*r, 7*r + 3*l - 101 = 3*r. Is r prime?
True
Let o = 17675 + -7571. Suppose 6*h + o = 37758. Is h prime?
False
Is ((-2160776)/6)/(-4)*60/20 prime?
True
Suppose -19*m + 109 + 5 = 0. Suppose 921 = -5*s + m*s. Let j = s + 478. Is j a composite number?
False
Let m = 2884455 - 1701436. Is m composite?
True
Let k = 122009 - 67266. Is k composite?
True
Let p(y) be the first derivative of y**4/4 - 3*y**2 + 3*y - 11. Let l be p(2). Is (l/3)/((-1)/5277) a composite number?
False
Let y = 32 - 26. Suppose -y*b + 40 = -b. Is (-6)/b + (711/12)/3 prime?
True
Let g = 49223 + 259. Suppose 19*h + g = 37*h. Is h a prime number?
True
Suppose 28*g - 29*g + v = -125838, -5*v + 5 = 0. Is g a composite number?
True
Let l = 1121 - 354. Let x = l + 856. Is x a prime number?
False
Suppose -d - 4*d = -4*f - 126, -2*d + 5*f + 47 = 0. Let b(j) = 30*j - 29. Is b(d) a composite number?
False
Suppose 0 = -5*q + 13 + 7. Suppose -2*i - 3*i - 1920 = -q*n, n - 2*i - 477 = 0. Is n a prime number?
False
Suppose 21*l - 17*l - 9328 = 0. Suppose -l = 9*r + 215. Let v = r + 534. Is v composite?
False
Let q = 4 + 4. Suppose -4*z + 13 = p, z - 13*p - 12 = -15*p. Suppose -14862 = -q*d + z*d. Is d a composite number?
False
Let a = 137822 + -49429. Is a prime?
False
Let w(u) = -219*u - 127. Let x be w(15). Let g = -639 - x. Is g composite?
True
Suppose -4*l = l + 537885. Is l/(-27) + 7 - (-1)/(-3) a composite number?
True
Let i = 4 + -16. Let h(z) = z + 5 + 19*z**2 - 8*z**2 - 8*z**2 - 11*z. Is h(i) composite?
False
Let j = 333 - 327. Suppose 2*w + j = -0, 5*n - 12889 = -2*w. Is n prime?
True
Suppose 0 = 5*h - u - 9884, -5*h - 2*u - 4614 = -14516. Suppose 2*y - 5*a - 747 = 617, 4*a - 8 = 0. Let c = h - y. Is c prime?
True
Let k be (3 - (7 + 4))*-1. Suppose 3*v - 4*s = -13, v - 2*s = -v - k. Let y(g) = -4*g**3 - 2*g**2 + 4*g + 5. Is y(v) a composite number?
False
Is 4 + 129782 + 24/(-4) + 13 composite?
False
Let d(q) = 9054*q + 46. Let j be d(4). Let l = 55061 - j. Is l prime?
False
Let w(s) = -106*s - 755. Is w(-31) prime?
True
Let r(l) be the third derivative of -l**4/3 - l**3/2 - 7*l**2. Let y be r(0). Is (-319 + y)/(-7 + 5) composite?
True
Let u = -2068 - -1448. Let q be (u/(-6))/(12/36). Is -3 - q/(-4)*4 prime?
True
Suppose 2560*p = 2602*p - 4838442. Is p prime?
True
Let l = 152564 + -95721. Is l composite?
False
Let j = -4104 + 7208. Let u = 7419 - j. Is u a composite number?
True
Suppose -q + 1 = 1. Suppose 5*o + q = -150. Is 1262*(-5)/o + (-8)/6 composite?
True
Let k be (5799*3/9)/(3/72). Is (-4)/5 + k/40 prime?
False
Let b = -123 - -95. Is 5383/b*(-5 - (-1 + 0)) composite?
False
Suppose 8*s - 69 + 53 = 0. Suppose -s*k = 3*v + 803, 4*k - v - 2*v = -1615. Let y = 256 - k. Is y a prime number?
True
Let v(u) = u**2 - 6*u - 13. Let l = -40 - -54. Let j = l - 26. Is v(j) prime?
False
Let q(w) = -13 + 49*w**2 + 5*w - 16 + 34. Is q(-7) prime?
True
Suppose -4 = -c - 2. Let h be ((-6780)/45)/(c/(-6)). Is 4/8*h/2 prime?
True
Let l = -643 + 1665. Let h = 4827 - l. Is h prime?
False
Suppose 4*w = -x + 335366 + 554242, 4*w - 889592 = 3*x. Is w a prime number?
False
Let m(v) be the third derivative of -23*v**4/8 - 35*v**3/3 + 20*v**2 - 3*v. Is m(-29) composite?
False
Let v(l) be the third derivative of -3*l**6/40 - l**5/30 + l**4/12 + 2*l**3/3 + 6*l**2. Let j = 26 + -29. Is v(j) a composite number?
False
Let k = 40 + -37. Suppose -w + 10 = f, k = -4*w + 23. Suppose -228 = 5*u + q - 2290, 0 = -f*u + q + 2068. Is u a composite number?
True
Let v = -86 + 48. Let k = v + -50. Is ((-11)/k - (-431)/8) + -1 a prime number?
True
Let o(b) be the third derivative of -551*b**6/30 - b**5/30 + b**3/6 + b**2. Let v be (1 + 0)/(28 + -29). Is o(v) a composite number?
False
Let p(c) = 9*c**2 + 2*c**3 + 12 - 22*c**2 + 8*c + 7 - c**3. Let r be p(11). Is ((-162)/r)/((-2)/(-235) - 0) a composite number?
True
Is ((184/2392)/((-3)/(-680069)))/((-2)/(-78)) a composite number?
True
Suppose -3984 = -4*h + 4*d, d + 8 = 3*d. Suppose h = -2*i + 5442. Is i prime?
True
Let t = -67 - -71. Suppose 5*y + 1289 = t*n, -3*n + 646 = -n - 4*y. Is n composite?
True
Let h(j) = j**2 + 5*j + 31. Let f be h(-8). Let m = f + -54. Is 590*(m/(-2) - -1) composite?
True
Is -2 + (-609111)/(-24) + (-42)/(-112) a composite number?
True
Let f be 179111/4 + 14/56. Suppose -f = -4*z - 782. Is z composite?
True
Let q(b) = 117290*b**2 - 88*b - 3. Is q(1) a prime number?
False
Suppose 2*x - 249905 = -3*b + 389942, -15*x - 1066265 = -5*b. Is b a prime number?
False
Let o(h) = 21*h**2 + 3*h - 1. Let w(v) = 5*v + 406 - 218 - 224. Let a be w(8). Is o(a) a composite number?
False
Suppose 5*z - 1285898 = -10*g + 9*z, 128600 = g + 3*z. Is g a composite number?
False
Suppose 3139 = -2*y - 5*d, 4*y + 2*d + 6223 = 3*d. Let h = y + 3260. Is h a prime number?
False
Let c = -5433 - -8978. Suppose -x + 6*x - 17709 = -j, x - c = -j. Is x a prime number?
True
Suppose -60606820 = -124*p + 93394608. Is p composite?
True
Let d(n) = 16*n + 10*n**2 + 699 - 2*n**2 - 704. Suppose 2*h + 0 = 5*u + 4, 5 = h - u. Is d(h) composite?
False
Suppose 10*p = 46322 - 170852. Let s = -